{"id":2826,"date":"2020-09-08T04:31:42","date_gmt":"2020-09-08T01:31:42","guid":{"rendered":"http:\/\/atamder.org\/?page_id=2826"},"modified":"2021-01-28T22:23:35","modified_gmt":"2021-01-28T19:23:35","slug":"mogolistan-t-c-buyukelciligi","status":"publish","type":"page","link":"https:\/\/atamder.org\/index.php\/mogolistan-t-c-buyukelciligi\/","title":{"rendered":"MO\u011eOL\u0130STAN T.C. B\u00dcY\u00dcKEL\u00c7\u0130L\u0130\u011e\u0130"},"content":{"rendered":"\n<figure class=\"wp-block-image size-large\"><img loading=\"lazy\" decoding=\"async\" width=\"864\" height=\"486\" src=\"http:\/\/atamder.org\/wp-content\/uploads\/2021\/01\/RAVDAN-MOGOLISTAN.jpg\" alt=\"\" class=\"wp-image-4740\" srcset=\"https:\/\/atamder.org\/wp-content\/uploads\/2021\/01\/RAVDAN-MOGOLISTAN.jpg 864w, https:\/\/atamder.org\/wp-content\/uploads\/2021\/01\/RAVDAN-MOGOLISTAN-300x169.jpg 300w, https:\/\/atamder.org\/wp-content\/uploads\/2021\/01\/RAVDAN-MOGOLISTAN-768x432.jpg 768w, https:\/\/atamder.org\/wp-content\/uploads\/2021\/01\/RAVDAN-MOGOLISTAN-140x79.jpg 140w, https:\/\/atamder.org\/wp-content\/uploads\/2021\/01\/RAVDAN-MOGOLISTAN-600x338.jpg 600w\" sizes=\"(max-width: 864px) 100vw, 864px\" \/><\/figure>\n\n\n\n<p><\/p>\n\n\n\n<h4 class=\"wp-block-heading\"><strong>Bold Ravdan<\/strong><\/h4>\n\n\n\n<p>CUMHURBA\u015eKANI Recep Tayyip Erdo\u011fan, Mo\u011folistan B\u00fcy\u00fckel\u00e7isi Ravdan Bold\u2019u Cumhurba\u015fkanl\u0131\u011f\u0131 Saray\u0131&#8217;nda kabul etti. Kabulde Cumhurba\u015fkan\u0131 Erdo\u011fan&#8217;a g\u00fcven mektubunu sunan Mo\u011folistan B\u00fcy\u00fckel\u00e7isi Bold, daha \u00f6nce Mo\u011folistan Bar\u0131\u015f ve Dostluk Derne\u011fi Ba\u015fkan Yard\u0131mc\u0131s\u0131 ve Mo\u011fol-Amerikan Dostluk Toplulu\u011fu Ba\u015fkan\u0131 olarak g\u00f6rev yap\u0131yordu.<\/p>\n\n\n\n<figure class=\"wp-block-image\"><img decoding=\"async\" src=\"https:\/\/i4.hurimg.com\/i\/hurriyet\/75\/590x332\/58ff2fe2eb10bb11f8766b4c.jpg\" alt=\"Cumhurba\u015fkan\u0131 Erdo\u011fana Mo\u011folistan B\u00fcy\u00fckel\u00e7isinden g\u00fcven mektubu\"\/><\/figure>\n\n\n\n<p><strong>2021 Resmi Mo\u011folistan Ankara&nbsp;B\u00fcy\u00fckel\u00e7ili\u011fi&nbsp; Tatil G\u00fcnleri Ne Zamand\u0131r?<\/strong><\/p>\n\n\n\n<p>Mo\u011folistan Konsolosluklar\u0131 ve T\u00fcrkiye Temsilcilikleri, Mo\u011folistan resmi tatillerinin yan\u0131 s\u0131ra T\u00fcrkiye Cumhuriyeti Devleti resmi tatilleri olan g\u00fcnlerde de hizmet vermemektedir.<\/p>\n\n\n\n<figure class=\"wp-block-table\"><table><tbody><tr><td>Mo\u011folistan \u00dclke Tatilleri<\/td><\/tr><tr><td>Y\u0131lba\u015f\u0131<\/td><td>1 Ocak<\/td><\/tr><tr><td>Mo\u011folistan Anayasa G\u00fcn\u00fc<\/td><td>13 Ocak<\/td><\/tr><tr><td>Mo\u011fol Yeni Y\u0131l\u0131 (Tsagaan Sar)<\/td><td>13-14 \u015eubat<\/td><\/tr><tr><td>D\u00fcnya Kad\u0131nlar G\u00fcn\u00fc<\/td><td>8 Mart<\/td><\/tr><tr><td>Anne ve \u00c7ocuk Bayram\u0131<\/td><td>1 Haziran<\/td><\/tr><tr><td>Naadam Festivali (Kelime manas\u0131 oyun olan naadam Mo\u011folistan\u2019\u0131n en \u00f6nemli bayramlar\u0131ndand\u0131r.)<\/td><td>11-12-13 Temmuz<\/td><\/tr><tr><td>Cengiz Han\u2019\u0131n Do\u011fum G\u00fcn\u00fc<\/td><td>31 Ekim<\/td><\/tr><tr><td>Ba\u011f\u0131ms\u0131zl\u0131k G\u00fcn\u00fc<\/td><td>26 Kas\u0131m<\/td><\/tr><\/tbody><\/table><\/figure>\n\n\n\n<p><\/p>\n\n\n\n<p><strong>ADRES <\/strong>: A.Fethi Okyar sk. No.4 Oran Diplomatik Sitesi 06450 \u00c7ankaya, Ankara<\/p>\n\n\n\n<p><strong>Telefon numaras\u0131 :&nbsp;<\/strong>(0312)&nbsp;492 10 28<\/p>\n\n\n\n<p><strong>Faks numaras\u0131 :&nbsp;<\/strong>(0312)&nbsp;492 10 64<\/p>\n\n\n\n<p><strong>E-posta adresi :&nbsp;<\/strong>nm.vog.tafm @ arakna<\/p>\n\n\n\n<p class=\"has-text-align-right\"><strong><a href=\"https:\/\/atamder.org\/index.php\/mogolistan-2\/\">\u00d6NCEK\u0130 SAYFA<\/a><\/strong><\/p>\n","protected":false},"excerpt":{"rendered":"<p>Bold Ravdan CUMHURBA\u015eKANI Recep Tayyip Erdo\u011fan, Mo\u011folistan B\u00fcy\u00fckel\u00e7isi Ravdan Bold\u2019u Cumhurba\u015fkanl\u0131\u011f\u0131 Saray\u0131&#8217;nda kabul etti. Kabulde Cumhurba\u015fkan\u0131 Erdo\u011fan&#8217;a g\u00fcven mektubunu sunan Mo\u011folistan B\u00fcy\u00fckel\u00e7isi Bold, daha \u00f6nce Mo\u011folistan Bar\u0131\u015f ve Dostluk Derne\u011fi&hellip;<\/p>\n","protected":false},"author":2,"featured_media":0,"parent":0,"menu_order":0,"comment_status":"closed","ping_status":"closed","template":"","meta":{"footnotes":""},"_links":{"self":[{"href":"https:\/\/atamder.org\/index.php\/wp-json\/wp\/v2\/pages\/2826"}],"collection":[{"href":"https:\/\/atamder.org\/index.php\/wp-json\/wp\/v2\/pages"}],"about":[{"href":"https:\/\/atamder.org\/index.php\/wp-json\/wp\/v2\/types\/page"}],"author":[{"embeddable":true,"href":"https:\/\/atamder.org\/index.php\/wp-json\/wp\/v2\/users\/2"}],"replies":[{"embeddable":true,"href":"https:\/\/atamder.org\/index.php\/wp-json\/wp\/v2\/comments?post=2826"}],"version-history":[{"count":4,"href":"https:\/\/atamder.org\/index.php\/wp-json\/wp\/v2\/pages\/2826\/revisions"}],"predecessor-version":[{"id":4744,"href":"https:\/\/atamder.org\/index.php\/wp-json\/wp\/v2\/pages\/2826\/revisions\/4744"}],"wp:attachment":[{"href":"https:\/\/atamder.org\/index.php\/wp-json\/wp\/v2\/media?parent=2826"}],"curies":[{"name":"wp","href":"https:\/\/api.w.org\/{rel}","templated":true}]}}

MOĞOLİSTAN T.C. BÜYÜKELÇİLİĞİ

<figure class="wp-block-image size-large"><img loading="lazy" decoding="async" width="864" height="486" src="http://atamder.org/wp-content/uploads/2021/01/RAVDAN-MOGOLISTAN.jpg" alt="" class="wp-image-4740" srcset="https://atamder.org/wp-content/uploads/2021/01/RAVDAN-MOGOLISTAN.jpg 864w, https://atamder.org/wp-content/uploads/2021/01/RAVDAN-MOGOLISTAN-300x169.jpg 300w, https://atamder.org/wp-content/uploads/2021/01/RAVDAN-MOGOLISTAN-768x432.jpg 768w, https://atamder.org/wp-content/uploads/2021/01/RAVDAN-MOGOLISTAN-140x79.jpg 140w, https://atamder.org/wp-content/uploads/2021/01/RAVDAN-MOGOLISTAN-600x338.jpg 600w" sizes="(max-width: 864px) 100vw, 864px" /></figure>



<p></p>



<h4 class="wp-block-heading"><strong>Bold Ravdan</strong></h4>



<p>CUMHURBAŞKANI Recep Tayyip Erdoğan, Moğolistan Büyükelçisi Ravdan Bold’u Cumhurbaşkanlığı Sarayı&#8217;nda kabul etti. Kabulde Cumhurbaşkanı Erdoğan&#8217;a güven mektubunu sunan Moğolistan Büyükelçisi Bold, daha önce Moğolistan Barış ve Dostluk Derneği Başkan Yardımcısı ve Moğol-Amerikan Dostluk Topluluğu Başkanı olarak görev yapıyordu.</p>



<figure class="wp-block-image"><img decoding="async" src="https://i4.hurimg.com/i/hurriyet/75/590x332/58ff2fe2eb10bb11f8766b4c.jpg" alt="Cumhurbaşkanı Erdoğana Moğolistan Büyükelçisinden güven mektubu"/></figure>



<p><strong>2021 Resmi Moğolistan Ankara&nbsp;Büyükelçiliği&nbsp; Tatil Günleri Ne Zamandır?</strong></p>



<p>Moğolistan Konsoloslukları ve Türkiye Temsilcilikleri, Moğolistan resmi tatillerinin yanı sıra Türkiye Cumhuriyeti Devleti resmi tatilleri olan günlerde de hizmet vermemektedir.</p>



<figure class="wp-block-table"><table><tbody><tr><td>Moğolistan Ülke Tatilleri</td></tr><tr><td>Yılbaşı</td><td>1 Ocak</td></tr><tr><td>Moğolistan Anayasa Günü</td><td>13 Ocak</td></tr><tr><td>Moğol Yeni Yılı (Tsagaan Sar)</td><td>13-14 Şubat</td></tr><tr><td>Dünya Kadınlar Günü</td><td>8 Mart</td></tr><tr><td>Anne ve Çocuk Bayramı</td><td>1 Haziran</td></tr><tr><td>Naadam Festivali (Kelime manası oyun olan naadam Moğolistan’ın en önemli bayramlarındandır.)</td><td>11-12-13 Temmuz</td></tr><tr><td>Cengiz Han’ın Doğum Günü</td><td>31 Ekim</td></tr><tr><td>Bağımsızlık Günü</td><td>26 Kasım</td></tr></tbody></table></figure>



<p></p>



<p><strong>ADRES </strong>: A.Fethi Okyar sk. No.4 Oran Diplomatik Sitesi 06450 Çankaya, Ankara</p>



<p><strong>Telefon numarası :&nbsp;</strong>(0312)&nbsp;492 10 28</p>



<p><strong>Faks numarası :&nbsp;</strong>(0312)&nbsp;492 10 64</p>



<p><strong>E-posta adresi :&nbsp;</strong>nm.vog.tafm @ arakna</p>



<p class="has-text-align-right"><strong><a href="https://atamder.org/index.php/mogolistan-2/">ÖNCEKİ SAYFA</a></strong></p>

<p>Bold Ravdan CUMHURBAŞKANI Recep Tayyip Erdoğan, Moğolistan Büyükelçisi Ravdan Bold’u Cumhurbaşkanlığı Sarayı&#8217;nda kabul etti. Kabulde Cumhurbaşkanı Erdoğan&#8217;a güven mektubunu sunan Moğolistan Büyükelçisi Bold, daha önce Moğolistan Barış ve Dostluk Derneği&hellip;</p>
