{"id":2822,"date":"2020-09-08T04:31:41","date_gmt":"2020-09-08T01:31:41","guid":{"rendered":"http:\/\/atamder.org\/?page_id=2822"},"modified":"2024-01-12T10:41:12","modified_gmt":"2024-01-12T07:41:12","slug":"tacikistan-t-c-buyukelciligi","status":"publish","type":"page","link":"https:\/\/atamder.org\/index.php\/tacikistan-t-c-buyukelciligi\/","title":{"rendered":"TAC\u0130K\u0130STAN T.C. B\u00dcY\u00dcKEL\u00c7\u0130L\u0130\u011e\u0130"},"content":{"rendered":"\n<figure class=\"wp-block-image size-large is-resized\"><img loading=\"lazy\" decoding=\"async\" width=\"854\" height=\"1024\" src=\"https:\/\/atamder.org\/wp-content\/uploads\/2024\/01\/GULOV-Esrefjon-Seraliyevic-Tacikistan-854x1024.jpg\" alt=\"\" class=\"wp-image-6001\" style=\"width:334px;height:auto\" srcset=\"https:\/\/atamder.org\/wp-content\/uploads\/2024\/01\/GULOV-Esrefjon-Seraliyevic-Tacikistan-854x1024.jpg 854w, https:\/\/atamder.org\/wp-content\/uploads\/2024\/01\/GULOV-Esrefjon-Seraliyevic-Tacikistan-250x300.jpg 250w, https:\/\/atamder.org\/wp-content\/uploads\/2024\/01\/GULOV-Esrefjon-Seraliyevic-Tacikistan-768x921.jpg 768w, https:\/\/atamder.org\/wp-content\/uploads\/2024\/01\/GULOV-Esrefjon-Seraliyevic-Tacikistan-140x168.jpg 140w, https:\/\/atamder.org\/wp-content\/uploads\/2024\/01\/GULOV-Esrefjon-Seraliyevic-Tacikistan.jpg 1001w\" sizes=\"(max-width: 854px) 100vw, 854px\" \/><\/figure>\n\n\n\n<h4 class=\"wp-block-heading\">GULOV E\u015frefjon \u015eeraliyevi\u00e7<\/h4>\n\n\n\n<figure class=\"wp-block-table\"><table><tbody><tr><td><strong>Do\u011fum tarihi:<\/strong><\/td><td>Aral\u0131k 1981<\/td><\/tr><tr><td><strong>E\u011fitim:&nbsp;&nbsp;&nbsp;&nbsp;<\/strong>&nbsp;<\/td><td>&nbsp;<\/td><\/tr><tr><td><strong>1998-2003<\/strong><\/td><td>Tacikistan Ulusal Devlet \u00dcniversitesi, D\u00fcnya Ekonomisi Fak\u00fcltesi<\/td><\/tr><tr><td><strong>2010-2013<\/strong><\/td><td>Tacikistan Ulusal \u00dcniversitesi Hukuk Fak\u00fcltesi<\/td><\/tr><tr><td>&nbsp;<strong>Kariyer:&nbsp;&nbsp;&nbsp;&nbsp;&nbsp;&nbsp;&nbsp;&nbsp;&nbsp;&nbsp;&nbsp;&nbsp;&nbsp;&nbsp;&nbsp;&nbsp;&nbsp;<\/strong>&nbsp;<\/td><td>&nbsp;<\/td><\/tr><tr><td><strong>2003-2004<\/strong><\/td><td>Ekonomist, Tacikistan Ulusal Bankas\u0131, Du\u015fanbe<\/td><\/tr><tr><td><strong>2004-2007&nbsp;<\/strong>&nbsp;&nbsp;&nbsp;&nbsp;&nbsp;&nbsp;&nbsp;&nbsp;&nbsp;&nbsp;&nbsp;&nbsp;&nbsp;&nbsp;&nbsp;&nbsp;<\/td><td>Birim Ba\u015fkan\u0131, Tacikistan Ulusal Bankas\u0131, Du\u015fanbe<\/td><\/tr><tr><td><strong>2007-2009<\/strong>&nbsp;<\/td><td>Tacikistan Cumhuriyeti&#8217;nin Bel\u00e7ika Krall\u0131\u011f\u0131 B\u00fcy\u00fckel\u00e7ili\u011fi Birinci Sekreteri, Br\u00fcksel<\/td><\/tr><tr><td><strong>2009-2011&nbsp;&nbsp;&nbsp;&nbsp;&nbsp;&nbsp;<\/strong>&nbsp;&nbsp;&nbsp;&nbsp;&nbsp;&nbsp;&nbsp;&nbsp;&nbsp;&nbsp;<\/td><td>Tacikistan Cumhuriyeti H\u00fck\u00fcmeti Vergi Komitesi Daire Ba\u015fkan\u0131, Du\u015fanbe<\/td><\/tr><tr><td>&nbsp;<strong>2011-2014<\/strong>&nbsp;<\/td><td>&nbsp;B\u00fcy\u00fck Vergi M\u00fckellefleri M\u00fcfetti\u015fli\u011fi Ba\u015fkan\u0131, Tacikistan Cumhuriyeti H\u00fck\u00fcmeti Vergi Komitesi, Du\u015fanbe<\/td><\/tr><tr><td><strong>2014-2017<\/strong><\/td><td>Konsolosluk Hizmetleri Ba\u015fkan\u0131, Tacikistan Cumhuriyeti&#8217;nin Rusya Federasyonu B\u00fcy\u00fckel\u00e7ili\u011fi, Moskova<\/td><\/tr><tr><td>&nbsp;<strong>2017-2021<\/strong><\/td><td>&nbsp;Tacikistan Cumhuriyeti D\u0131\u015fi\u015fleri Bakanl\u0131\u011f\u0131 \u0130K Daire Ba\u015fkan\u0131, Du\u015fanbe<\/td><\/tr><tr><td>&nbsp;<strong><\/strong><strong>05.07.2021&#8217;den&nbsp;<\/strong><strong>beri<\/strong><strong><\/strong><\/td><td>&nbsp;Tacikistan Cumhuriyeti&#8217;nin T\u00fcrkiye Cumhuriyeti&#8217;ndeki Ola\u011fan\u00fcst\u00fc ve Tam Yetkili B\u00fcy\u00fckel\u00e7isi<\/td><\/tr><tr><td><strong>Diller:<\/strong>&nbsp;&nbsp;&nbsp;&nbsp;&nbsp;&nbsp;&nbsp;&nbsp;<\/td><td>Rus ingilizcesi<\/td><\/tr><tr><td><strong>Medeni hal:<\/strong>&nbsp;<\/td><td>Evli, 5 \u00e7ocuk babas\u0131<\/td><\/tr><\/tbody><\/table><\/figure>\n\n\n\n<p><strong>Konsolosluk \u015eubesi \u00c7al\u0131\u015fma Saatleri:<\/strong>&nbsp;Pazartesi-Cuma: 09.00-12.00&nbsp;<\/p>\n\n\n\n<p><strong>Evrak Kabul\u00fc:<\/strong>&nbsp;Haftai\u00e7i Saat: 09.00-11.00<\/p>\n\n\n\n<p><strong>&nbsp;Evrak Verili\u015fi:<\/strong>&nbsp;Haftai\u00e7i Saat: 11.00-12.00<\/p>\n\n\n\n<p><strong>Ankara Tacikistan B\u00fcy\u00fckel\u00e7ili\u011fi 2016 Resmi Tatil G\u00fcnleri:<\/strong><\/p>\n\n\n\n<p>Ankara Tacikistan B\u00fcy\u00fckel\u00e7ili\u011fi&#8217;nin temsil etti\u011fi Tacikistan Devleti&#8217;nin 2016 y\u0131l\u0131 resmi tatil g\u00fcnleri ve T\u00fcrkiye Cumhuriyeti Devleti&#8217;nin 2016 y\u0131l\u0131 resmi tatil g\u00fcnlerinde hizmet verememektedirler. Tacikistan vizesi i\u00e7in ba\u015fvuruda bulunacak veya Tacikistan konsolosluk i\u015flemleri i\u00e7in m\u00fcracatta bulunacak ki\u015filerin a\u015fa\u011f\u0131daki tarihleri g\u00f6z \u00f6n\u00fcnde bulundurarak i\u015flemlerini organize etmeleri \u00f6nerilir.<\/p>\n\n\n\n<p>Y\u0131lba\u015f\u0131 31 Aral\u0131k 2015<br>Uluslararas\u0131 Kad\u0131nlar G\u00fcn\u00fc &nbsp;8 Mart 2016<br>Nevruz Bayram\u0131 21 Mart 2016<br>\u0130\u015f\u00e7i Bayram\u0131 1 May\u0131s 2016<br>Zafer Bayram\u0131 9 May\u0131s 2016<br>Milli Uzla\u015fma G\u00fcn\u00fc 27 Haziran 2016<br>Ba\u011f\u0131ms\u0131zl\u0131k G\u00fcn\u00fc &nbsp;9 Eyl\u00fcl 2016<br>Anayasa G\u00fcn\u00fc &nbsp; 6 Kas\u0131m 2016<br>Ramazan Bayram\u0131 \u0130d al-Fitr-Ramazan ay\u0131n\u0131n sonunda<br>Kurban Bayram\u0131 \u0130d ul-Adha-Ramazan Bayram\u0131ndan 70 g\u00fcn sonra<\/p>\n\n\n\n<p><strong>Tacikistan Ankara B\u00fcy\u00fckel\u00e7ili\u011fi \u0130leti\u015fim Bilgileri:&nbsp;<\/strong><\/p>\n\n\n\n<p><strong>Adres:<\/strong> Ferit Recai ERTU\u011eRUL Caddesi No:20, Diplomatik Site, ORAN-Ankara.-T\u00dcRK\u0130YE<\/p>\n\n\n\n<p><strong>Telefon Numaras\u0131: &nbsp;<\/strong>+90 312 491 16 07\/ &nbsp;+90 312 491 17 08<\/p>\n\n\n\n<p><strong>Faks Numaras\u0131: &nbsp; <\/strong>&nbsp;+90&nbsp;312 491 16 03<\/p>\n\n\n\n<p><strong>Elektronik posta adresi:<\/strong> tajemb_turkey@inbox.ru &nbsp; &nbsp;tajembtr@mfa.tj<\/p>\n\n\n\n<p><\/p>\n\n\n\n<p class=\"has-text-align-right\"><strong><a href=\"https:\/\/atamder.org\/index.php\/tacikistan\/\">\u00d6NCEK\u0130 SAYFA<\/a><\/strong><\/p>\n","protected":false},"excerpt":{"rendered":"<p>GULOV E\u015frefjon \u015eeraliyevi\u00e7 Do\u011fum tarihi: Aral\u0131k 1981 E\u011fitim:&nbsp;&nbsp;&nbsp;&nbsp;&nbsp; &nbsp; 1998-2003 Tacikistan Ulusal Devlet \u00dcniversitesi, D\u00fcnya Ekonomisi Fak\u00fcltesi 2010-2013 Tacikistan Ulusal \u00dcniversitesi Hukuk Fak\u00fcltesi &nbsp;Kariyer:&nbsp;&nbsp;&nbsp;&nbsp;&nbsp;&nbsp;&nbsp;&nbsp;&nbsp;&nbsp;&nbsp;&nbsp;&nbsp;&nbsp;&nbsp;&nbsp;&nbsp;&nbsp; &nbsp; 2003-2004 Ekonomist, Tacikistan Ulusal Bankas\u0131,&hellip;<\/p>\n","protected":false},"author":2,"featured_media":0,"parent":0,"menu_order":0,"comment_status":"closed","ping_status":"closed","template":"","meta":{"footnotes":""},"_links":{"self":[{"href":"https:\/\/atamder.org\/index.php\/wp-json\/wp\/v2\/pages\/2822"}],"collection":[{"href":"https:\/\/atamder.org\/index.php\/wp-json\/wp\/v2\/pages"}],"about":[{"href":"https:\/\/atamder.org\/index.php\/wp-json\/wp\/v2\/types\/page"}],"author":[{"embeddable":true,"href":"https:\/\/atamder.org\/index.php\/wp-json\/wp\/v2\/users\/2"}],"replies":[{"embeddable":true,"href":"https:\/\/atamder.org\/index.php\/wp-json\/wp\/v2\/comments?post=2822"}],"version-history":[{"count":4,"href":"https:\/\/atamder.org\/index.php\/wp-json\/wp\/v2\/pages\/2822\/revisions"}],"predecessor-version":[{"id":6003,"href":"https:\/\/atamder.org\/index.php\/wp-json\/wp\/v2\/pages\/2822\/revisions\/6003"}],"wp:attachment":[{"href":"https:\/\/atamder.org\/index.php\/wp-json\/wp\/v2\/media?parent=2822"}],"curies":[{"name":"wp","href":"https:\/\/api.w.org\/{rel}","templated":true}]}}