{"id":2820,"date":"2020-09-08T04:31:39","date_gmt":"2020-09-08T01:31:39","guid":{"rendered":"http:\/\/atamder.org\/?page_id=2820"},"modified":"2021-01-28T22:54:40","modified_gmt":"2021-01-28T19:54:40","slug":"tacikistan-bayragi","status":"publish","type":"page","link":"https:\/\/atamder.org\/index.php\/tacikistan-bayragi\/","title":{"rendered":"TAC\u0130K\u0130STAN BAYRA\u011eI"},"content":{"rendered":"\n<figure class=\"wp-block-image size-large\"><img loading=\"lazy\" decoding=\"async\" width=\"300\" height=\"169\" src=\"http:\/\/atamder.org\/wp-content\/uploads\/2021\/01\/TACIKISTAN.jpg\" alt=\"\" class=\"wp-image-4758\" srcset=\"https:\/\/atamder.org\/wp-content\/uploads\/2021\/01\/TACIKISTAN.jpg 300w, https:\/\/atamder.org\/wp-content\/uploads\/2021\/01\/TACIKISTAN-140x79.jpg 140w\" sizes=\"(max-width: 300px) 100vw, 300px\" \/><\/figure>\n\n\n\n<p><\/p>\n\n\n\n<p>Tacikistan Bayra\u011f\u0131,en \u00fcstte k\u0131rm\u0131z\u0131,ortada beyaz ve altta ye\u015fil renkli yatay \u015feritlerden olu\u015fur. Beyaz \u015ferit,di\u011ferlerinin 2 kat\u0131 b\u00fcy\u00fckl\u00fc\u011f\u00fcnde olup,ortas\u0131nda \u00fcst k\u0131sm\u0131nda 7 adet alt\u0131n sar\u0131s\u0131 be\u015f k\u00f6\u015feli y\u0131ld\u0131zlarla \u00e7evrelenmi\u015f alt\u0131n sar\u0131s\u0131 bir ha\u00e7 bulunur. K\u0131rm\u0131z\u0131 \u015ferit Tacikistan ba\u011f\u0131ms\u0131zl\u0131\u011f\u0131n\u0131 ve kendi topraklar\u0131n\u0131 temsil eder. Beyaz, \u00fclkenin safl\u0131\u011f\u0131n\u0131 ve pamuk end\u00fcstrisinin Tacik ekonominin \u00f6nemli bir par\u00e7as\u0131 oldu\u011funu temsil eder. Ye\u015fil, Tacikistan tar\u0131m\u0131n\u0131 temsil eder.Ta\u00e7 ve y\u0131ld\u0131zlar Tacik egemenli\u011fini, i\u015f\u00e7ilerin birli\u011fini ve Tacikistan sosyal s\u0131n\u0131flar\u0131n\u0131n b\u00fct\u00fcnl\u00fc\u011f\u00fcn\u00fc sembolize eder.\u00a0<\/p>\n\n\n\n<p><strong>Tacikistan Bayra\u011f\u0131n\u0131n Tarih\u00e7esi<\/strong>\u00a0<\/p>\n\n\n\n<p>Tacikistan bayra\u011f\u0131, \u00fclke 9 Eyl\u00fcl 1991 tarihinde Sovyetler Birli\u011fi&#8217;nden ba\u011f\u0131ms\u0131zl\u0131\u011f\u0131n\u0131 kazand\u0131ktan sonra, 24 Kas\u0131m 1992 tarihinde kabul edilmi\u015ftir. Tacikistan Sovyetler Birli\u011fi&#8217;nin bir par\u00e7as\u0131 oldu\u011fu zaman Sovyet amblemleriyle ili\u015fkili olarak, beyaz ve ye\u015fil renkli ince yatay \u00e7izgili k\u0131rm\u0131z\u0131 zeminli bir bayrak kulland\u0131. Bu renkler ayn\u0131 zamanda mevcut Tacikistan bayra\u011f\u0131n\u0131 olu\u015fturdu.\u00a0<\/p>\n\n\n\n<p><strong>Tacikistan Bayra\u011f\u0131yla \u0130lgili \u0130lgin\u00e7 Bilgiler<\/strong>\u00a0<\/p>\n\n\n\n<p>Tacikistan bayra\u011f\u0131 \u00e7izgileri \u0130ran bayra\u011f\u0131 ile ayn\u0131 renkte, ancak farkl\u0131 bir s\u0131rada dizilimlidir. \u00dclkelerin de birbiriyle yak\u0131n etnik ba\u011flar\u0131 vard\u0131r.<\/p>\n\n\n\n<p><\/p>\n\n\n\n<p class=\"has-text-align-right\"><strong><a href=\"https:\/\/atamder.org\/index.php\/tacikistan\/\">\u00d6NCEK\u0130 SAYFA<\/a><\/strong><\/p>\n","protected":false},"excerpt":{"rendered":"<p>Tacikistan Bayra\u011f\u0131,en \u00fcstte k\u0131rm\u0131z\u0131,ortada beyaz ve altta ye\u015fil renkli yatay \u015feritlerden olu\u015fur. Beyaz \u015ferit,di\u011ferlerinin 2 kat\u0131 b\u00fcy\u00fckl\u00fc\u011f\u00fcnde olup,ortas\u0131nda \u00fcst k\u0131sm\u0131nda 7 adet alt\u0131n sar\u0131s\u0131 be\u015f k\u00f6\u015feli y\u0131ld\u0131zlarla \u00e7evrelenmi\u015f alt\u0131n sar\u0131s\u0131&hellip;<\/p>\n","protected":false},"author":2,"featured_media":0,"parent":0,"menu_order":0,"comment_status":"closed","ping_status":"closed","template":"","meta":{"footnotes":""},"_links":{"self":[{"href":"https:\/\/atamder.org\/index.php\/wp-json\/wp\/v2\/pages\/2820"}],"collection":[{"href":"https:\/\/atamder.org\/index.php\/wp-json\/wp\/v2\/pages"}],"about":[{"href":"https:\/\/atamder.org\/index.php\/wp-json\/wp\/v2\/types\/page"}],"author":[{"embeddable":true,"href":"https:\/\/atamder.org\/index.php\/wp-json\/wp\/v2\/users\/2"}],"replies":[{"embeddable":true,"href":"https:\/\/atamder.org\/index.php\/wp-json\/wp\/v2\/comments?post=2820"}],"version-history":[{"count":2,"href":"https:\/\/atamder.org\/index.php\/wp-json\/wp\/v2\/pages\/2820\/revisions"}],"predecessor-version":[{"id":4759,"href":"https:\/\/atamder.org\/index.php\/wp-json\/wp\/v2\/pages\/2820\/revisions\/4759"}],"wp:attachment":[{"href":"https:\/\/atamder.org\/index.php\/wp-json\/wp\/v2\/media?parent=2820"}],"curies":[{"name":"wp","href":"https:\/\/api.w.org\/{rel}","templated":true}]}}

TACİKİSTAN BAYRAĞI

<figure class="wp-block-image size-large"><img loading="lazy" decoding="async" width="300" height="169" src="http://atamder.org/wp-content/uploads/2021/01/TACIKISTAN.jpg" alt="" class="wp-image-4758" srcset="https://atamder.org/wp-content/uploads/2021/01/TACIKISTAN.jpg 300w, https://atamder.org/wp-content/uploads/2021/01/TACIKISTAN-140x79.jpg 140w" sizes="(max-width: 300px) 100vw, 300px" /></figure>



<p></p>



<p>Tacikistan Bayrağı,en üstte kırmızı,ortada beyaz ve altta yeşil renkli yatay şeritlerden oluşur. Beyaz şerit,diğerlerinin 2 katı büyüklüğünde olup,ortasında üst kısmında 7 adet altın sarısı beş köşeli yıldızlarla çevrelenmiş altın sarısı bir haç bulunur. Kırmızı şerit Tacikistan bağımsızlığını ve kendi topraklarını temsil eder. Beyaz, ülkenin saflığını ve pamuk endüstrisinin Tacik ekonominin önemli bir parçası olduğunu temsil eder. Yeşil, Tacikistan tarımını temsil eder.Taç ve yıldızlar Tacik egemenliğini, işçilerin birliğini ve Tacikistan sosyal sınıflarının bütünlüğünü sembolize eder. </p>



<p><strong>Tacikistan Bayrağının Tarihçesi</strong> </p>



<p>Tacikistan bayrağı, ülke 9 Eylül 1991 tarihinde Sovyetler Birliği&#8217;nden bağımsızlığını kazandıktan sonra, 24 Kasım 1992 tarihinde kabul edilmiştir. Tacikistan Sovyetler Birliği&#8217;nin bir parçası olduğu zaman Sovyet amblemleriyle ilişkili olarak, beyaz ve yeşil renkli ince yatay çizgili kırmızı zeminli bir bayrak kullandı. Bu renkler aynı zamanda mevcut Tacikistan bayrağını oluşturdu. </p>



<p><strong>Tacikistan Bayrağıyla İlgili İlginç Bilgiler</strong> </p>



<p>Tacikistan bayrağı çizgileri İran bayrağı ile aynı renkte, ancak farklı bir sırada dizilimlidir. Ülkelerin de birbiriyle yakın etnik bağları vardır.</p>



<p></p>



<p class="has-text-align-right"><strong><a href="https://atamder.org/index.php/tacikistan/">ÖNCEKİ SAYFA</a></strong></p>

<p>Tacikistan Bayrağı,en üstte kırmızı,ortada beyaz ve altta yeşil renkli yatay şeritlerden oluşur. Beyaz şerit,diğerlerinin 2 katı büyüklüğünde olup,ortasında üst kısmında 7 adet altın sarısı beş köşeli yıldızlarla çevrelenmiş altın sarısı&hellip;</p>
