{"id":2520,"date":"2020-09-08T03:45:14","date_gmt":"2020-09-08T00:45:14","guid":{"rendered":"http:\/\/atamder.org\/?page_id=2520"},"modified":"2023-11-19T21:36:04","modified_gmt":"2023-11-19T18:36:04","slug":"amac-ve-hedef-2","status":"publish","type":"page","link":"https:\/\/atamder.org\/index.php\/amac-ve-hedef-2\/","title":{"rendered":"AMA\u00c7 VE HEDEF"},"content":{"rendered":"\n<p>Dernek,<\/p>\n\n\n\n<ol><li>T\u00fcrkiye\u2019de ve D\u00fcnyan\u0131n neresinde olursa olsun insanlar\u0131m\u0131z\u0131n ba\u015fta k\u00fclt\u00fcrel,<br>ekonomik, sosyal ve siyasal geli\u015fimi i\u00e7in \u00e7a\u011fda\u015f, yetenekli, giri\u015fimci ve nitelikli<br>insanlar\u0131n ekonomik, sosyal ve siyasal geli\u015fimlerine katk\u0131 sa\u011flamak,<\/li><li>Avrasya ve T\u00fcrk dilleri, edebiyat\u0131, tarihi, folkloru ve etnografyas\u0131 \u00fczerine ara\u015ft\u0131rmalar\u0131n<br>yap\u0131lmas\u0131. Avrasya\u2019daki T\u00fcrk milletlerinin ge\u00e7mi\u015f, bug\u00fcn ve gelecekteki maddi k\u00fclt\u00fcr\u00fc<br>\u00fczerine ara\u015ft\u0131rmalar yapmak,<\/li><li>T\u00fcrkiye ve Avrasya\u2019daki toplumlar\u0131n tarihsel miras\u0131n\u0131n, adet ve geleneklerinin<br>muhafaza edilmesi, miras olarak kabul edilmesi ve propagandas\u0131n\u0131 yapmak,<\/li><li>Sosyal ve k\u00fclt\u00fcrel haklar ile \u00f6zg\u00fcrl\u00fcklerin ger\u00e7ekle\u015ftirilmesi ve korunmas\u0131,<br>vatanda\u015flar\u0131n aktivitesi ile insiyatifli\u011finin geli\u015ftirilmesini sa\u011flamak,<\/li><li>Avrasya ve T\u00fcrk dilleri geli\u015fmesinin desteklenmesi ve gen\u00e7lerin k\u00fclt\u00fcr seviyesinin<br>geli\u015fimine destek olmak,<\/li><li>Bu \u00e7er\u00e7evede DERNEK engelli olan veya olmayan gen\u00e7, ya\u015fl\u0131, yeti\u015fkin insanlar\u0131n<br>hukuki, ekonomik, sosyal, siyasal, sanatsal vb. alanlarda ya\u015fama kat\u0131l\u0131m\u0131n\u0131 sa\u011flayarak,<br>demokratik hak hukukun bilincinde bireysel ve mesleki geli\u015fimlerine y\u00f6nelik projeler ve<br>aktiviteler ger\u00e7ekle\u015ftirerek T\u00fcrkiye\u2019nin; siyaset, ekonomi, sanat, k\u00fclt\u00fcr, bilim, teknoloji<br>vb. alanlar\u0131nda geli\u015fimi i\u00e7in ara\u015ft\u0131rma, inceleme, yay\u0131n vb. madde 5\u2019te belirtilen \u00e7al\u0131\u015fma<br>y\u00f6ntemleri do\u011frultusunda katk\u0131 sunmak, bu t\u00fcr \u00e7al\u0131\u015fmalar\u0131 te\u015fvik etmek, y\u00fcr\u00fctmek ve<br>yaymak i\u00e7in Kamu Kurum ve Kurulu\u015flar\u0131, Mahalli \u0130dareler ve STK\u2019lar ile i\u015fbirli\u011fi<br>Yap\u0131lmas\u0131,<\/li><li>\u00c7evre, enerji ve iklim de\u011fi\u015fikli\u011fi konusunda T\u00fcrkiye ve Avrasya\u2019daki halk\u0131n,<br>akademisyenlerin, yerel y\u00f6netimlerin, kamu ve \u00f6zel sekt\u00f6r kurulu\u015flar\u0131 ile sivil toplum<br>kurulu\u015flar\u0131n\u0131n hakkaniyetli bir \u015fekilde rollerinin artmas\u0131 faaliyetlerinde bulunmak,<\/li><li>S\u00fcrd\u00fcr\u00fclebilir bir \u00e7evre ve iklim de\u011fi\u015fikli\u011finin sebepleri, sonu\u00e7lar\u0131, insan, toplum, \u00e7evre<br>ve i\u015f d\u00fcnyas\u0131 \u00fczerindeki etkileri konular\u0131nda T\u00fcrkiye ve Avrasya\u2019daki toplumlara e\u011fitim<br>ve dan\u0131\u015fmanl\u0131k hizmetleri vermek, projeler yapmak, toplant\u0131, kongre, seminer,<br>sempozyum vb. etkinlikler d\u00fczenlemek<\/li><li>Ba\u011f\u0131ms\u0131z olarak veya T\u00fcrkiye ve Avrasya\u2019daki di\u011fer sivil toplum kurulu\u015flar\u0131, kamu ve<br>\u00f6zel sekt\u00f6r ki\u015fi, kurum ve kurulu\u015flar\u0131 ile birlikte \u00e7evre, enerji ve iklim de\u011fi\u015fikli\u011fi<br>konular\u0131nda ulusal ve uluslararas\u0131 alanda teknik ve bilimsel ara\u015ft\u0131rmalar<br>yapmak\/yapt\u0131rmak ve kar\u015f\u0131la\u015f\u0131lan sorunlar\u0131n \u00e7\u00f6z\u00fcm\u00fcne y\u00f6nelik \u00f6neriler\/politikalar<br>\u00fcretmek,<\/li><li>Derne\u011fin y\u0131l i\u00e7inde elde edece\u011fi gelirin en az \u00fc\u00e7te ikisinin dernek ama\u00e7lar\u0131na<br>harcanmas\u0131 ve bu harcamalar\u0131n ama\u00e7 edinilen hizmetler do\u011frultusunda herkesin<br>yarar\u0131na a\u00e7\u0131k olaca\u011f\u0131, belli bir y\u00f6re ve kitleye hizmetle s\u0131n\u0131rl\u0131 olmayaca\u011f\u0131,<\/li><li>Derne\u011fin t\u00fcm gelir ve kaynaklar\u0131n\u0131n alt ba\u015fl\u0131klarda 31 adet madde olarak belirtilen<br>Derne\u011fin amac\u0131 ve bu amac\u0131 ger\u00e7ekle\u015ftirmek i\u00e7in s\u00fcrd\u00fcr\u00fclecek \u00e7al\u0131\u015fmalar ve faaliyetler<br>do\u011frultusunda harcanmas\u0131<\/li><\/ol>\n\n\n\n<p>Amac\u0131 ile kurulmu\u015ftur. &nbsp;&nbsp;&nbsp;&nbsp;&nbsp;&nbsp;&nbsp;<\/p>\n\n\n\n<p><\/p>\n\n\n\n<p><\/p>\n\n\n\n<h6 class=\"has-text-align-right wp-block-heading\"><a href=\"https:\/\/atamder.org\/index.php\/kurumsal\/\">\u00d6NCEK\u0130 SAYFA<\/a><\/h6>\n","protected":false},"excerpt":{"rendered":"<p>Dernek, T\u00fcrkiye\u2019de ve D\u00fcnyan\u0131n neresinde olursa olsun insanlar\u0131m\u0131z\u0131n ba\u015fta k\u00fclt\u00fcrel,ekonomik, sosyal ve siyasal geli\u015fimi i\u00e7in \u00e7a\u011fda\u015f, yetenekli, giri\u015fimci ve nitelikliinsanlar\u0131n ekonomik, sosyal ve siyasal geli\u015fimlerine katk\u0131 sa\u011flamak, Avrasya ve T\u00fcrk&hellip;<\/p>\n","protected":false},"author":2,"featured_media":0,"parent":0,"menu_order":0,"comment_status":"closed","ping_status":"closed","template":"","meta":{"footnotes":""},"_links":{"self":[{"href":"https:\/\/atamder.org\/index.php\/wp-json\/wp\/v2\/pages\/2520"}],"collection":[{"href":"https:\/\/atamder.org\/index.php\/wp-json\/wp\/v2\/pages"}],"about":[{"href":"https:\/\/atamder.org\/index.php\/wp-json\/wp\/v2\/types\/page"}],"author":[{"embeddable":true,"href":"https:\/\/atamder.org\/index.php\/wp-json\/wp\/v2\/users\/2"}],"replies":[{"embeddable":true,"href":"https:\/\/atamder.org\/index.php\/wp-json\/wp\/v2\/comments?post=2520"}],"version-history":[{"count":7,"href":"https:\/\/atamder.org\/index.php\/wp-json\/wp\/v2\/pages\/2520\/revisions"}],"predecessor-version":[{"id":5857,"href":"https:\/\/atamder.org\/index.php\/wp-json\/wp\/v2\/pages\/2520\/revisions\/5857"}],"wp:attachment":[{"href":"https:\/\/atamder.org\/index.php\/wp-json\/wp\/v2\/media?parent=2520"}],"curies":[{"name":"wp","href":"https:\/\/api.w.org\/{rel}","templated":true}]}}

AMAÇ VE HEDEF

<p>Dernek,</p>



<ol><li>Türkiye’de ve Dünyanın neresinde olursa olsun insanlarımızın başta kültürel,<br>ekonomik, sosyal ve siyasal gelişimi için çağdaş, yetenekli, girişimci ve nitelikli<br>insanların ekonomik, sosyal ve siyasal gelişimlerine katkı sağlamak,</li><li>Avrasya ve Türk dilleri, edebiyatı, tarihi, folkloru ve etnografyası üzerine araştırmaların<br>yapılması. Avrasya’daki Türk milletlerinin geçmiş, bugün ve gelecekteki maddi kültürü<br>üzerine araştırmalar yapmak,</li><li>Türkiye ve Avrasya’daki toplumların tarihsel mirasının, adet ve geleneklerinin<br>muhafaza edilmesi, miras olarak kabul edilmesi ve propagandasını yapmak,</li><li>Sosyal ve kültürel haklar ile özgürlüklerin gerçekleştirilmesi ve korunması,<br>vatandaşların aktivitesi ile insiyatifliğinin geliştirilmesini sağlamak,</li><li>Avrasya ve Türk dilleri gelişmesinin desteklenmesi ve gençlerin kültür seviyesinin<br>gelişimine destek olmak,</li><li>Bu çerçevede DERNEK engelli olan veya olmayan genç, yaşlı, yetişkin insanların<br>hukuki, ekonomik, sosyal, siyasal, sanatsal vb. alanlarda yaşama katılımını sağlayarak,<br>demokratik hak hukukun bilincinde bireysel ve mesleki gelişimlerine yönelik projeler ve<br>aktiviteler gerçekleştirerek Türkiye’nin; siyaset, ekonomi, sanat, kültür, bilim, teknoloji<br>vb. alanlarında gelişimi için araştırma, inceleme, yayın vb. madde 5’te belirtilen çalışma<br>yöntemleri doğrultusunda katkı sunmak, bu tür çalışmaları teşvik etmek, yürütmek ve<br>yaymak için Kamu Kurum ve Kuruluşları, Mahalli İdareler ve STK’lar ile işbirliği<br>Yapılması,</li><li>Çevre, enerji ve iklim değişikliği konusunda Türkiye ve Avrasya’daki halkın,<br>akademisyenlerin, yerel yönetimlerin, kamu ve özel sektör kuruluşları ile sivil toplum<br>kuruluşlarının hakkaniyetli bir şekilde rollerinin artması faaliyetlerinde bulunmak,</li><li>Sürdürülebilir bir çevre ve iklim değişikliğinin sebepleri, sonuçları, insan, toplum, çevre<br>ve iş dünyası üzerindeki etkileri konularında Türkiye ve Avrasya’daki toplumlara eğitim<br>ve danışmanlık hizmetleri vermek, projeler yapmak, toplantı, kongre, seminer,<br>sempozyum vb. etkinlikler düzenlemek</li><li>Bağımsız olarak veya Türkiye ve Avrasya’daki diğer sivil toplum kuruluşları, kamu ve<br>özel sektör kişi, kurum ve kuruluşları ile birlikte çevre, enerji ve iklim değişikliği<br>konularında ulusal ve uluslararası alanda teknik ve bilimsel araştırmalar<br>yapmak/yaptırmak ve karşılaşılan sorunların çözümüne yönelik öneriler/politikalar<br>üretmek,</li><li>Derneğin yıl içinde elde edeceği gelirin en az üçte ikisinin dernek amaçlarına<br>harcanması ve bu harcamaların amaç edinilen hizmetler doğrultusunda herkesin<br>yararına açık olacağı, belli bir yöre ve kitleye hizmetle sınırlı olmayacağı,</li><li>Derneğin tüm gelir ve kaynaklarının alt başlıklarda 31 adet madde olarak belirtilen<br>Derneğin amacı ve bu amacı gerçekleştirmek için sürdürülecek çalışmalar ve faaliyetler<br>doğrultusunda harcanması</li></ol>



<p>Amacı ile kurulmuştur. &nbsp;&nbsp;&nbsp;&nbsp;&nbsp;&nbsp;&nbsp;</p>



<p></p>



<p></p>



<h6 class="has-text-align-right wp-block-heading"><a href="https://atamder.org/index.php/kurumsal/">ÖNCEKİ SAYFA</a></h6>

<p>Dernek, Türkiye’de ve Dünyanın neresinde olursa olsun insanlarımızın başta kültürel,ekonomik, sosyal ve siyasal gelişimi için çağdaş, yetenekli, girişimci ve nitelikliinsanların ekonomik, sosyal ve siyasal gelişimlerine katkı sağlamak, Avrasya ve Türk&hellip;</p>
